 base 5
-30033
-1a (base 13) to base 11
-21
-232135 (base 6) to base 12
-b64b
9dd9 (base 14) to base 10
27435
-13515 (base 7) to base 12
-2173
-4113 (base 7) to base 15
-656
What is 6e91 (base 15) in base 12?
11754
Convert 3020 (base 7) to base 13.
623
Convert 30502 (base 6) to base 16.
fe6
Convert 2a52 (base 14) to base 5.
220040
-11045 (base 7) to base 12
-1735
-20310 (base 8) to base 9
-12454
-5506 (base 8) to base 12
-1806
Convert 45089 (base 10) to base 8.
130041
Convert 25411 (base 7) to base 3.
100012221
-144241 (base 5) to base 16
-1834
Convert 52541 (base 7) to base 16.
32a5
-212230 (base 5) to base 7
-26651
What is 1321203 (base 4) in base 11?
5932
563 (base 13) to base 3
1021022
Convert -62a (base 14) to base 11.
-a04
-31487 (base 10) to base 8
-75377
355 (base 10) to base 11
2a3
111100011001 (base 2) to base 10
3865
-212012 (base 3) to base 6
-2522
What is -25532 (base 7) in base 9?
-10268
What is -161c4 (base 13) in base 2?
-1010010001011000
What is 106336 (base 8) in base 4?
20303132
What is 1188 (base 10) in base 6?
5300
Convert 13665 (base 10) to base 6.
143133
5045 (base 6) to base 16
455
-20000 (base 4) to base 12
-368
-4414 (base 6) to base 14
-52a
Convert 33002 (base 4) to base 6.
4242
What is -198 (base 12) in base 16?
-104
What is 1712 (base 9) in base 6?
10015
What is 12323 (base 5) in base 4?
33003
Convert 110000001100 (base 2) to base 15.
da9
What is 141125 (base 8) in base 14?
141b7
What is -4211 (base 7) in base 3?
-2000202
Convert -302 (base 12) to base 6.
-2002
What is 3012 (base 7) in base 9?
1373
What is -424 (base 9) in base 3?
-110211
What is 2a0 (base 12) in base 6?
1520
What is 1200112000 (base 3) in base 4?
20012133
100010110010111 (base 2) to base 10
17815
What is -3042 (base 11) in base 5?
-112124
-272 (base 11) to base 5
-2241
-4256 (base 14) to base 11
-8664
What is d871 (base 14) in base 8?
110733
-20221 (base 5) to base 7
-3552
Convert 4763 (base 10) to base 5.
123023
Convert 11000101 (base 2) to base 11.
16a
-647 (base 8) to base 16
-1a7
What is 35243 (base 6) in base 16?
13cb
What is 446 (base 8) in base 4?
10212
What is b7c6 (base 13) in base 4?
12032220
What is 471 (base 9) in base 12?
284
Convert -112 (base 3) to base 8.
-16
What is -6bd (base 15) in base 5?
-22103
Convert 16d (base 16) to base 14.
1c1
Convert -2439 (base 12) to base 16.
-fed
Convert 44c2 (base 14) to base 11.
8a66
61251 (base 7) to base 15
4623
-100101101110 (base 2) to base 4
-211232
-a004 (base 13) to base 2
-101010111010110
1241 (base 8) to base 2
1010100001
Convert -23658 (base 9) to base 10.
-15848
Convert -7c5 (base 15) to base 14.
-8da
Convert -111 (base 12) to base 10.
-157
25086 (base 9) to base 4
10013031
-460 (base 12) to base 5
-10043
What is -33213 (base 4) in base 10?
-999
Convert 145505 (base 6) to base 3.
201111212
What is -5c (base 14) in base 3?
-10001
What is 1086 (base 12) in base 7?
5223
Convert -415a (base 16) to base 6.
-205242
Convert -12993 (base 10) to base 13.
-5bb6
What is -405 (base 7) in base 3?
-21110
Convert 12024 (base 5) to base 15.
3e4
What is 54c8 (base 13) in base 8?
27061
What is 200020 (base 3) in base 12?
350
b65 (base 14) to base 5
32440
What is 22318 (base 9) in base 12?
8708
What is -23231221 (base 4) in base 15?
-e337
1221011 (base 3) to base 11
1070
-6a21 (base 12) to base 7
-46333
What is 3002 (base 7) in base 9?
1365
Convert -212414 (base 6) to base 12.
-a10a
Convert 1104 (base 7) to base 14.
204
Convert 1010010110101100 (base 2) to base 6.
524204
What is 3c5 (base 14) in base 3?
1001012
-2042 (base 11) to base 8
-5224
What is -16 (base 14) in base 7?
-26
3322 (base 5) to base 6
2050
Convert -7884 (base 15) to base 12.
-12951
-3ede (base 16) to base 12
-9392
12302301 (base 4) to base 13
c885
Convert 10101 (base 5) to base 3.
220010
Convert 800 (base 9) to base 3.
220000
What is -22211110 (base 3) in base 10?
-6438
-12032332 (base 4) to base 16
-63be
Convert 89a (base 12) to base 6.
5514
-28815 (base 11) to base 9
-62110
Convert -10b53 (base 13) to base 16.
-7718
Convert -1769 (base 10) to base 2.
-11011101001
-1211210211 (base 3) to base 2
-1000110111010110
What is -10501 (base 7) in base 10?
-2647
4283 (base 13) to base 16
2411
What is -13463 (base 8) in base 4?
-1130303
-11f9 (base 16) to base 11
-3503
What is 20120233 (base 4) in base 9?
52107
3302 (base 7) to base 13
6c8
10377 (base 8) to base 10
4351
What is 28454 (base 9) in base 14?
7087
Convert 10d4 (base 15) to base 3.
11220101
Convert -11001111101 (base 2) to base 12.
-b65
Convert 3458 (base 12) to base 8.
13304
100022 (base 4) to base 9
1368
26 (base 14) to base 4
202
Convert -102676 (base 8) to base 9.
-51862
Convert 4387a (base 11) to base 15.
13cac
Convert 1806 (base 12) to base 6.
21210
-81b6 (base 15) to base 9
-41520
Convert 24a1 (base 13) to base 15.
181b
232013 (base 6) to base 5
1114011
Convert 152455 (base 7) to base 2.
111010000100110
Convert c122 (base 13) to base 5.
1322221
Convert -1372 (base 9) to base 4.
-100031
What is -14112 (base 5) in base 3?
-1120212
-36238 (base 9) to base 3
-1020021022
-1220122211 (base 3) to base 14
-da20
Convert 21101 (base 4) to base 16.
251
Convert 4488 (base 9) to base 2.
110011111000
What is -340a (base 15) in base 7?
-44113
What is -14616 (base 11) in base 8?
-50344
What is -1949 (base 10) in base 8?
-3635
What is -1000 (base 7) in base 10?
-343
What is -56458 (base 9) in base 2?
-1001001010110100
Convert -c05 (base 16) to base 3.
-11012222
What is 6a (base 13) in base 2?
1011000
Convert -486 (base 16) to base 14.
-5ca
What is -1255 (base 10) in base 4?
-103213
What is 1000101011 (base 2) in base 15?
270
What is -2644 (base 7) in base 3?
-1101111
-5640 (base 10) to base 2
-1011000001000
What is -1113 (base 6) in base 7?
-522
What is 630 (base 11) in base 5?
11014
41411 (base 5) to base 11
2063
-1314304 (base 5) to base 4
-12121130
4679 (base 14) to base 9
17731
What is 45552 (base 8) in base 6?
225214
Convert fe1 (base 16) to base 7.
14565
What is 803 (base 9) in base 15?
2d6
Convert -2453 (base 8) to base 13.
-7aa
Convert 27252 (base 9) to base 13.
8510
What is -4896 (base 10) in base 15?
-16b6
-13ac (base 15) to base 10
-4212
What is 45 (base 13) in base 8?
71
What is -5bad (base 15) in base 9?
-28681
Convert 1560 (base 10) to base 3.
2010210
-40162 (base 9) to base 6
-322045
What is -2d01 (base 15) in base 4?
-2113030
What is 272 (base 8) in base 9?
226
Convert 144 (base 7) to base 2.
1010001
Convert 328 (base 11) to base 6.
1453
2555 (base 8) to base 10
1389
What is 1110100111110 (base 2) in base 14?
2a2a
-41 (base 11) to base 8
-55
Convert -423411 (base 6) to base 5.
-2100440
-13113 (base 5) to base 4
-100021
What is 101101001111001 (base 2) in base 15?
6ce1
212011101 (base 3) to base 15
500a
-74552 (base 8) to base 16
-796a
9100 (base 11) to base 4
2331010
Convert -1652 (base 13) to base 9.
-4442
Convert -100000010 (base 2) to base 15.
-123
What is 24775 (base 9) in base 13?
7787
What is 14323 (base 10) in base 9?
21574
What is 4c9 (base 15) in base 13?
65a
-166616 (base 8) to base 4
-32312032
fa8 (base 16) to base 12
23a0
1112 (base 4) to base 16
56
-45741 (base 8) to base 12
-b2a9
Convert 6677 (base 14) to base 9.
26306
-120034 (base 5) to base 15
-147e
Convert 5017 (base 8) to base 3.
10112101
Convert 11110001001100 (base 2) to base 14.
58a8
Convert 113123 (base 5) to base 2.
1000001000011
What is 4035 (base 8) in base 7?
6025
What is -365 (base 8) in base 7?
-500
Convert 2052 (base 14) to base 9.
7557
What is 203 (base 16) in base 4?
20003
What is 2420310 (base 5) in base 8?
130030
What is 9500 (base 13) in base 9?
31248
What is 1273 (base 16) in base 13?
21c4
What is 546 (base 7) in base 3?
101100
1872 (base 13) to base 14
1482
What is -2a80 (base 11) in base 15?
-1290
Convert 280 (base 14) to base 4.
13320
What is 72773 (base 8) in base 2?
111010111111011
Convert 633 (base 14) to base 2.
10011000101
31222 (base 6) to base 2
1000001011110
Convert a95 (base 16) to base 9.
3640
What is 26 (base 14) in base 6?
54
Convert 1851 (base 9) to base 11.
1084
Convert 4626 (base 7) to base 8.
3226
373 (base 12) to base 10
519
What is 2a3 (base 15) in base 10?
603
1029 (base 11) to base 6
10150
Convert -22112001 (base 3) to base 15.
-1c91
What is -5cbc (base 14) in base 12?